{"id":1252,"date":"2023-05-23T03:00:32","date_gmt":"2023-05-23T03:00:32","guid":{"rendered":"http:\/\/uerjnaval.com\/?page_id=1252"},"modified":"2024-11-13T01:44:25","modified_gmt":"2024-11-13T01:44:25","slug":"palestras","status":"publish","type":"page","link":"https:\/\/uerjnaval.com\/index.php\/palestras\/","title":{"rendered":"Palestras"},"content":{"rendered":"\t\t<div data-elementor-type=\"wp-page\" data-elementor-id=\"1252\" class=\"elementor elementor-1252\">\n\t\t\t\t\t\t<section class=\"elementor-section elementor-top-section elementor-element elementor-element-ebfc3f7 elementor-section-boxed elementor-section-height-default elementor-section-height-default\" data-id=\"ebfc3f7\" data-element_type=\"section\">\n\t\t\t\t\t\t<div class=\"elementor-container elementor-column-gap-default\">\n\t\t\t\t\t<div class=\"elementor-column elementor-col-100 elementor-top-column elementor-element elementor-element-c681ff1\" data-id=\"c681ff1\" data-element_type=\"column\">\n\t\t\t<div class=\"elementor-widget-wrap elementor-element-populated\">\n\t\t\t\t\t\t<div class=\"elementor-element elementor-element-806af15 elementor-widget elementor-widget-heading\" data-id=\"806af15\" data-element_type=\"widget\" data-widget_type=\"heading.default\">\n\t\t\t\t<div class=\"elementor-widget-container\">\n\t\t\t\t\t<h2 class=\"elementor-heading-title elementor-size-default\">I Semin\u00e1rio de Extens\u00e3o Naval<\/h2>\t\t\t\t<\/div>\n\t\t\t\t<\/div>\n\t\t\t\t\t<\/div>\n\t\t<\/div>\n\t\t\t\t\t<\/div>\n\t\t<\/section>\n\t\t\t\t<section class=\"elementor-section elementor-top-section elementor-element elementor-element-43eec25 elementor-section-boxed elementor-section-height-default elementor-section-height-default\" data-id=\"43eec25\" data-element_type=\"section\">\n\t\t\t\t\t\t<div class=\"elementor-container elementor-column-gap-default\">\n\t\t\t\t\t<div class=\"elementor-column elementor-col-100 elementor-top-column elementor-element elementor-element-d90254e\" data-id=\"d90254e\" data-element_type=\"column\">\n\t\t\t<div class=\"elementor-widget-wrap elementor-element-populated\">\n\t\t\t\t\t\t<div class=\"elementor-element elementor-element-3376bc0 elementor-icon-list--layout-traditional elementor-list-item-link-full_width elementor-widget elementor-widget-icon-list\" data-id=\"3376bc0\" data-element_type=\"widget\" data-widget_type=\"icon-list.default\">\n\t\t\t\t<div class=\"elementor-widget-container\">\n\t\t\t\t\t\t\t<ul class=\"elementor-icon-list-items\">\n\t\t\t\t\t\t\t<li class=\"elementor-icon-list-item\">\n\t\t\t\t\t\t\t\t\t\t\t<a href=\"https:\/\/uerjnaval.com\/files\/palestras\/SEMINARIO_EXTENSAO_1.pdf\" target=\"_blank\">\n\n\t\t\t\t\t\t\t\t\t\t\t\t<span class=\"elementor-icon-list-icon\">\n\t\t\t\t\t\t\t<i aria-hidden=\"true\" class=\"fas fa-check\"><\/i>\t\t\t\t\t\t<\/span>\n\t\t\t\t\t\t\t\t\t\t<span class=\"elementor-icon-list-text\">Populariza\u00e7\u00e3o e Dissemina\u00e7\u00e3o do Setor Naval, Tecnologias e Meio Ambiente<\/span>\n\t\t\t\t\t\t\t\t\t\t\t<\/a>\n\t\t\t\t\t\t\t\t\t<\/li>\n\t\t\t\t\t\t\t\t<li class=\"elementor-icon-list-item\">\n\t\t\t\t\t\t\t\t\t\t\t<a href=\"https:\/\/uerjnaval.com\/files\/palestras\/PALESTRA_EDMILSON.pdf\" target=\"_blank\">\n\n\t\t\t\t\t\t\t\t\t\t\t\t<span class=\"elementor-icon-list-icon\">\n\t\t\t\t\t\t\t<i aria-hidden=\"true\" class=\"fas fa-check\"><\/i>\t\t\t\t\t\t<\/span>\n\t\t\t\t\t\t\t\t\t\t<span class=\"elementor-icon-list-text\">Difus\u00e3o e populariza\u00e7\u00e3o do tema radioatividade nas escolas p\u00fablicas do estado do rio de janeiro: uma abordagem com foco nas aplica\u00e7\u00f5es e mercado de trabalho<\/span>\n\t\t\t\t\t\t\t\t\t\t\t<\/a>\n\t\t\t\t\t\t\t\t\t<\/li>\n\t\t\t\t\t\t\t\t<li class=\"elementor-icon-list-item\">\n\t\t\t\t\t\t\t\t\t\t\t<a href=\"https:\/\/uerjnaval.com\/files\/palestras\/Semin%C3%A1rioDescom.pdf\" target=\"_blank\">\n\n\t\t\t\t\t\t\t\t\t\t\t\t<span class=\"elementor-icon-list-icon\">\n\t\t\t\t\t\t\t<i aria-hidden=\"true\" class=\"fas fa-check\"><\/i>\t\t\t\t\t\t<\/span>\n\t\t\t\t\t\t\t\t\t\t<span class=\"elementor-icon-list-text\">A \u00faltima viagem dos navios. Desmantelamento: Os problemas do fim da vida das embarca\u00e7\u00f5es. Uma an\u00e1lise do descomissionamento na Ba\u00eda de Guanabara e o impacto da sociedade local<\/span>\n\t\t\t\t\t\t\t\t\t\t\t<\/a>\n\t\t\t\t\t\t\t\t\t<\/li>\n\t\t\t\t\t\t<\/ul>\n\t\t\t\t\t\t<\/div>\n\t\t\t\t<\/div>\n\t\t\t\t\t<\/div>\n\t\t<\/div>\n\t\t\t\t\t<\/div>\n\t\t<\/section>\n\t\t\t\t<section class=\"elementor-section elementor-top-section elementor-element elementor-element-82656e5 elementor-section-boxed elementor-section-height-default elementor-section-height-default\" data-id=\"82656e5\" data-element_type=\"section\">\n\t\t\t\t\t\t<div class=\"elementor-container elementor-column-gap-default\">\n\t\t\t\t\t<div class=\"elementor-column elementor-col-100 elementor-top-column elementor-element elementor-element-67a72bf\" data-id=\"67a72bf\" data-element_type=\"column\">\n\t\t\t<div class=\"elementor-widget-wrap elementor-element-populated\">\n\t\t\t\t\t\t<div class=\"elementor-element elementor-element-0220428 elementor-widget elementor-widget-text-editor\" data-id=\"0220428\" data-element_type=\"widget\" data-widget_type=\"text-editor.default\">\n\t\t\t\t<div class=\"elementor-widget-container\">\n\t\t\t\t\t\t\t\t\t<p><strong>Todos os v\u00eddeos est\u00e3o no canal do YouTube <a href=\"https:\/\/www.youtube.com\/@uerjnaval\" target=\"_blank\" rel=\"noopener\">@uerjnaval<\/a><\/strong><\/p>\t\t\t\t\t\t\t\t<\/div>\n\t\t\t\t<\/div>\n\t\t\t\t\t<\/div>\n\t\t<\/div>\n\t\t\t\t\t<\/div>\n\t\t<\/section>\n\t\t\t\t<section class=\"elementor-section elementor-top-section elementor-element elementor-element-45bb83b elementor-section-boxed elementor-section-height-default elementor-section-height-default\" data-id=\"45bb83b\" data-element_type=\"section\">\n\t\t\t\t\t\t<div class=\"elementor-container elementor-column-gap-default\">\n\t\t\t\t\t<div class=\"elementor-column elementor-col-100 elementor-top-column elementor-element elementor-element-31c4a45\" data-id=\"31c4a45\" data-element_type=\"column\">\n\t\t\t<div class=\"elementor-widget-wrap elementor-element-populated\">\n\t\t\t\t\t\t<div class=\"elementor-element elementor-element-6b5e16f elementor-widget elementor-widget-text-editor\" data-id=\"6b5e16f\" data-element_type=\"widget\" data-widget_type=\"text-editor.default\">\n\t\t\t\t<div class=\"elementor-widget-container\">\n\t\t\t\t\t\t\t\t\t<p><strong>Cap\u00edtulo de livro publicado na Editora Science:<\/strong><\/p><ul><li><span style=\"color: #666666; font-family: Tahoma, Geneva, sans-serif; font-size: 11px; font-style: normal; font-variant-ligatures: normal; font-variant-caps: normal; font-weight: 400;\">BLENDO DANIEL DOS ; <\/span><b style=\"background-image: none; background-position: 0px 0px; background-size: initial; background-repeat: repeat; background-attachment: scroll; background-origin: initial; background-clip: initial; border-style: none; font-size: 11px; outline-style: none; color: #666666; font-family: Tahoma, Geneva, sans-serif; font-style: normal; font-variant-ligatures: normal; font-variant-caps: normal;\">MUSCI, MARCELO<\/b><span style=\"color: #666666; font-family: Tahoma, Geneva, sans-serif; font-size: 11px; font-style: normal; font-variant-ligatures: normal; font-variant-caps: normal; font-weight: 400;\"> ; ANTOLIN, GISELE DUARTE CABOCLO . POPULARIZA\u00c7\u00c3O E DISSEMINA\u00c7\u00c3O DO SETOR NAVAL: PROJETOS E QUEST\u00d5ES AMBIENTAIS. Pesquisas e Pr\u00e1ticas Acad\u00eamicas Extensionistas. 1ed.Campina Grande: Editora Science, 2024, v. 1, p. 30-41. <a href=\"http:\/\/dx.doi.org\/10.56001\/24.9786501196084.03\">DOI 10.56001\/24.9786501196084.0\u00a0<\/a><\/span><\/li><\/ul>\t\t\t\t\t\t\t\t<\/div>\n\t\t\t\t<\/div>\n\t\t\t\t\t<\/div>\n\t\t<\/div>\n\t\t\t\t\t<\/div>\n\t\t<\/section>\n\t\t\t\t<\/div>\n\t\t","protected":false},"excerpt":{"rendered":"<p>I Semin\u00e1rio de Extens\u00e3o Naval Populariza\u00e7\u00e3o e Dissemina\u00e7\u00e3o do Setor Naval, Tecnologias e Meio Ambiente Difus\u00e3o e populariza\u00e7\u00e3o do tema radioatividade nas escolas p\u00fablicas do estado do rio de janeiro: uma abordagem com foco nas aplica\u00e7\u00f5es e mercado de trabalho A \u00faltima viagem dos navios. Desmantelamento: Os problemas do fim da vida das embarca\u00e7\u00f5es. Uma [&hellip;]<\/p>\n","protected":false},"author":1,"featured_media":0,"parent":0,"menu_order":0,"comment_status":"closed","ping_status":"closed","template":"","meta":{"om_disable_all_campaigns":false,"_monsterinsights_skip_tracking":false,"_monsterinsights_sitenote_active":false,"_monsterinsights_sitenote_note":"","_monsterinsights_sitenote_category":0,"ocean_post_layout":"","ocean_both_sidebars_style":"","ocean_both_sidebars_content_width":0,"ocean_both_sidebars_sidebars_width":0,"ocean_sidebar":"","ocean_second_sidebar":"","ocean_disable_margins":"enable","ocean_add_body_class":"","ocean_shortcode_before_top_bar":"","ocean_shortcode_after_top_bar":"","ocean_shortcode_before_header":"","ocean_shortcode_after_header":"","ocean_has_shortcode":"","ocean_shortcode_after_title":"","ocean_shortcode_before_footer_widgets":"","ocean_shortcode_after_footer_widgets":"","ocean_shortcode_before_footer_bottom":"","ocean_shortcode_after_footer_bottom":"","ocean_display_top_bar":"default","ocean_display_header":"default","ocean_header_style":"","ocean_center_header_left_menu":"","ocean_custom_header_template":"","ocean_custom_logo":0,"ocean_custom_retina_logo":0,"ocean_custom_logo_max_width":0,"ocean_custom_logo_tablet_max_width":0,"ocean_custom_logo_mobile_max_width":0,"ocean_custom_logo_max_height":0,"ocean_custom_logo_tablet_max_height":0,"ocean_custom_logo_mobile_max_height":0,"ocean_header_custom_menu":"","ocean_menu_typo_font_family":"","ocean_menu_typo_font_subset":"","ocean_menu_typo_font_size":0,"ocean_menu_typo_font_size_tablet":0,"ocean_menu_typo_font_size_mobile":0,"ocean_menu_typo_font_size_unit":"px","ocean_menu_typo_font_weight":"","ocean_menu_typo_font_weight_tablet":"","ocean_menu_typo_font_weight_mobile":"","ocean_menu_typo_transform":"","ocean_menu_typo_transform_tablet":"","ocean_menu_typo_transform_mobile":"","ocean_menu_typo_line_height":0,"ocean_menu_typo_line_height_tablet":0,"ocean_menu_typo_line_height_mobile":0,"ocean_menu_typo_line_height_unit":"","ocean_menu_typo_spacing":0,"ocean_menu_typo_spacing_tablet":0,"ocean_menu_typo_spacing_mobile":0,"ocean_menu_typo_spacing_unit":"","ocean_menu_link_color":"","ocean_menu_link_color_hover":"","ocean_menu_link_color_active":"","ocean_menu_link_background":"","ocean_menu_link_hover_background":"","ocean_menu_link_active_background":"","ocean_menu_social_links_bg":"","ocean_menu_social_hover_links_bg":"","ocean_menu_social_links_color":"","ocean_menu_social_hover_links_color":"","ocean_disable_title":"default","ocean_disable_heading":"default","ocean_post_title":"","ocean_post_subheading":"","ocean_post_title_style":"","ocean_post_title_background_color":"","ocean_post_title_background":0,"ocean_post_title_bg_image_position":"","ocean_post_title_bg_image_attachment":"","ocean_post_title_bg_image_repeat":"","ocean_post_title_bg_image_size":"","ocean_post_title_height":0,"ocean_post_title_bg_overlay":0.5,"ocean_post_title_bg_overlay_color":"","ocean_disable_breadcrumbs":"default","ocean_breadcrumbs_color":"","ocean_breadcrumbs_separator_color":"","ocean_breadcrumbs_links_color":"","ocean_breadcrumbs_links_hover_color":"","ocean_display_footer_widgets":"default","ocean_display_footer_bottom":"default","ocean_custom_footer_template":"","footnotes":""},"class_list":["post-1252","page","type-page","status-publish","hentry","entry"],"aioseo_notices":[],"_links":{"self":[{"href":"https:\/\/uerjnaval.com\/index.php\/wp-json\/wp\/v2\/pages\/1252","targetHints":{"allow":["GET"]}}],"collection":[{"href":"https:\/\/uerjnaval.com\/index.php\/wp-json\/wp\/v2\/pages"}],"about":[{"href":"https:\/\/uerjnaval.com\/index.php\/wp-json\/wp\/v2\/types\/page"}],"author":[{"embeddable":true,"href":"https:\/\/uerjnaval.com\/index.php\/wp-json\/wp\/v2\/users\/1"}],"replies":[{"embeddable":true,"href":"https:\/\/uerjnaval.com\/index.php\/wp-json\/wp\/v2\/comments?post=1252"}],"version-history":[{"count":16,"href":"https:\/\/uerjnaval.com\/index.php\/wp-json\/wp\/v2\/pages\/1252\/revisions"}],"predecessor-version":[{"id":1347,"href":"https:\/\/uerjnaval.com\/index.php\/wp-json\/wp\/v2\/pages\/1252\/revisions\/1347"}],"wp:attachment":[{"href":"https:\/\/uerjnaval.com\/index.php\/wp-json\/wp\/v2\/media?parent=1252"}],"curies":[{"name":"wp","href":"https:\/\/api.w.org\/{rel}","templated":true}]}}

<div data-elementor-type="wp-page" data-elementor-id="1252" class="elementor elementor-1252">
						<section class="elementor-section elementor-top-section elementor-element elementor-element-ebfc3f7 elementor-section-boxed elementor-section-height-default elementor-section-height-default" data-id="ebfc3f7" data-element_type="section">
						<div class="elementor-container elementor-column-gap-default">
					<div class="elementor-column elementor-col-100 elementor-top-column elementor-element elementor-element-c681ff1" data-id="c681ff1" data-element_type="column">
			<div class="elementor-widget-wrap elementor-element-populated">
						<div class="elementor-element elementor-element-806af15 elementor-widget elementor-widget-heading" data-id="806af15" data-element_type="widget" data-widget_type="heading.default">
				<div class="elementor-widget-container">
					<h2 class="elementor-heading-title elementor-size-default">I Seminário de Extensão Naval</h2>				</div>
				</div>
					</div>
		</div>
					</div>
		</section>
				<section class="elementor-section elementor-top-section elementor-element elementor-element-43eec25 elementor-section-boxed elementor-section-height-default elementor-section-height-default" data-id="43eec25" data-element_type="section">
						<div class="elementor-container elementor-column-gap-default">
					<div class="elementor-column elementor-col-100 elementor-top-column elementor-element elementor-element-d90254e" data-id="d90254e" data-element_type="column">
			<div class="elementor-widget-wrap elementor-element-populated">
						<div class="elementor-element elementor-element-3376bc0 elementor-icon-list--layout-traditional elementor-list-item-link-full_width elementor-widget elementor-widget-icon-list" data-id="3376bc0" data-element_type="widget" data-widget_type="icon-list.default">
				<div class="elementor-widget-container">
							<ul class="elementor-icon-list-items">
							<li class="elementor-icon-list-item">
											<a href="https://uerjnaval.com/files/palestras/SEMINARIO_EXTENSAO_1.pdf" target="_blank">

												<span class="elementor-icon-list-icon">
							<i aria-hidden="true" class="fas fa-check"></i>						</span>
										<span class="elementor-icon-list-text">Popularização e Disseminação do Setor Naval, Tecnologias e Meio Ambiente</span>
											</a>
									</li>
								<li class="elementor-icon-list-item">
											<a href="https://uerjnaval.com/files/palestras/PALESTRA_EDMILSON.pdf" target="_blank">

												<span class="elementor-icon-list-icon">
							<i aria-hidden="true" class="fas fa-check"></i>						</span>
										<span class="elementor-icon-list-text">Difusão e popularização do tema radioatividade nas escolas públicas do estado do rio de janeiro: uma abordagem com foco nas aplicações e mercado de trabalho</span>
											</a>
									</li>
								<li class="elementor-icon-list-item">
											<a href="https://uerjnaval.com/files/palestras/Semin%C3%A1rioDescom.pdf" target="_blank">

												<span class="elementor-icon-list-icon">
							<i aria-hidden="true" class="fas fa-check"></i>						</span>
										<span class="elementor-icon-list-text">A última viagem dos navios. Desmantelamento: Os problemas do fim da vida das embarcações. Uma análise do descomissionamento na Baía de Guanabara e o impacto da sociedade local</span>
											</a>
									</li>
						</ul>
						</div>
				</div>
					</div>
		</div>
					</div>
		</section>
				<section class="elementor-section elementor-top-section elementor-element elementor-element-82656e5 elementor-section-boxed elementor-section-height-default elementor-section-height-default" data-id="82656e5" data-element_type="section">
						<div class="elementor-container elementor-column-gap-default">
					<div class="elementor-column elementor-col-100 elementor-top-column elementor-element elementor-element-67a72bf" data-id="67a72bf" data-element_type="column">
			<div class="elementor-widget-wrap elementor-element-populated">
						<div class="elementor-element elementor-element-0220428 elementor-widget elementor-widget-text-editor" data-id="0220428" data-element_type="widget" data-widget_type="text-editor.default">
				<div class="elementor-widget-container">
									<p><strong>Todos os vídeos estão no canal do YouTube <a href="https://www.youtube.com/@uerjnaval" target="_blank" rel="noopener">@uerjnaval</a></strong></p>								</div>
				</div>
					</div>
		</div>
					</div>
		</section>
				<section class="elementor-section elementor-top-section elementor-element elementor-element-45bb83b elementor-section-boxed elementor-section-height-default elementor-section-height-default" data-id="45bb83b" data-element_type="section">
						<div class="elementor-container elementor-column-gap-default">
					<div class="elementor-column elementor-col-100 elementor-top-column elementor-element elementor-element-31c4a45" data-id="31c4a45" data-element_type="column">
			<div class="elementor-widget-wrap elementor-element-populated">
						<div class="elementor-element elementor-element-6b5e16f elementor-widget elementor-widget-text-editor" data-id="6b5e16f" data-element_type="widget" data-widget_type="text-editor.default">
				<div class="elementor-widget-container">
									<p><strong>Capítulo de livro publicado na Editora Science:</strong></p><ul><li><span style="color: #666666; font-family: Tahoma, Geneva, sans-serif; font-size: 11px; font-style: normal; font-variant-ligatures: normal; font-variant-caps: normal; font-weight: 400;">BLENDO DANIEL DOS ; </span><b style="background-image: none; background-position: 0px 0px; background-size: initial; background-repeat: repeat; background-attachment: scroll; background-origin: initial; background-clip: initial; border-style: none; font-size: 11px; outline-style: none; color: #666666; font-family: Tahoma, Geneva, sans-serif; font-style: normal; font-variant-ligatures: normal; font-variant-caps: normal;">MUSCI, MARCELO</b><span style="color: #666666; font-family: Tahoma, Geneva, sans-serif; font-size: 11px; font-style: normal; font-variant-ligatures: normal; font-variant-caps: normal; font-weight: 400;"> ; ANTOLIN, GISELE DUARTE CABOCLO . POPULARIZAÇÃO E DISSEMINAÇÃO DO SETOR NAVAL: PROJETOS E QUESTÕES AMBIENTAIS. Pesquisas e Práticas Acadêmicas Extensionistas. 1ed.Campina Grande: Editora Science, 2024, v. 1, p. 30-41. <a href="http://dx.doi.org/10.56001/24.9786501196084.03">DOI 10.56001/24.9786501196084.0 </a></span></li></ul>								</div>
				</div>
					</div>
		</div>
					</div>
		</section>
				</div>

<p>I Seminário de Extensão Naval Popularização e Disseminação do Setor Naval, Tecnologias e Meio Ambiente Difusão e popularização do tema radioatividade nas escolas públicas do estado do rio de janeiro: uma abordagem com foco nas aplicações e mercado de trabalho A última viagem dos navios. Desmantelamento: Os problemas do fim da vida das embarcações. Uma [&hellip;]</p>
