{"id":1126,"date":"2022-07-16T02:08:57","date_gmt":"2022-07-16T02:08:57","guid":{"rendered":"http:\/\/uerjnaval.com\/?page_id=1126"},"modified":"2024-10-26T04:09:16","modified_gmt":"2024-10-26T04:09:16","slug":"sobre","status":"publish","type":"page","link":"https:\/\/uerjnaval.com\/index.php\/sobre\/","title":{"rendered":"Sobre"},"content":{"rendered":"\t\t<div data-elementor-type=\"wp-page\" data-elementor-id=\"1126\" class=\"elementor elementor-1126\">\n\t\t\t\t\t\t<section class=\"elementor-section elementor-top-section elementor-element elementor-element-bb228db elementor-section-boxed elementor-section-height-default elementor-section-height-default\" data-id=\"bb228db\" data-element_type=\"section\">\n\t\t\t\t\t\t<div class=\"elementor-container elementor-column-gap-default\">\n\t\t\t\t\t<div class=\"elementor-column elementor-col-100 elementor-top-column elementor-element elementor-element-09b175b\" data-id=\"09b175b\" data-element_type=\"column\">\n\t\t\t<div class=\"elementor-widget-wrap elementor-element-populated\">\n\t\t\t\t\t\t<div class=\"elementor-element elementor-element-d07152c elementor-widget elementor-widget-heading\" data-id=\"d07152c\" data-element_type=\"widget\" data-widget_type=\"heading.default\">\n\t\t\t\t<div class=\"elementor-widget-container\">\n\t\t\t\t\t<h2 class=\"elementor-heading-title elementor-size-default\">Populariza\u00e7\u00e3o e Dissemina\u00e7\u00e3o do Setor Naval: Projetos e Quest\u00f5es Ambientais<\/h2>\t\t\t\t<\/div>\n\t\t\t\t<\/div>\n\t\t\t\t\t<\/div>\n\t\t<\/div>\n\t\t\t\t\t<\/div>\n\t\t<\/section>\n\t\t\t\t<section class=\"elementor-section elementor-top-section elementor-element elementor-element-3c30d64 elementor-section-boxed elementor-section-height-default elementor-section-height-default\" data-id=\"3c30d64\" data-element_type=\"section\">\n\t\t\t\t\t\t<div class=\"elementor-container elementor-column-gap-default\">\n\t\t\t\t\t<div class=\"elementor-column elementor-col-100 elementor-top-column elementor-element elementor-element-d8039e5\" data-id=\"d8039e5\" data-element_type=\"column\">\n\t\t\t<div class=\"elementor-widget-wrap elementor-element-populated\">\n\t\t\t\t\t\t<div class=\"elementor-element elementor-element-b1c57ca elementor-widget elementor-widget-text-editor\" data-id=\"b1c57ca\" data-element_type=\"widget\" data-widget_type=\"text-editor.default\">\n\t\t\t\t<div class=\"elementor-widget-container\">\n\t\t\t\t\t\t\t\t\t<p align=\"justify\">O Tecn\u00f3logo em Constru\u00e7\u00e3o Naval apresenta aptid\u00e3o para atuar em equipe multidisciplinar no sentido de utilizar seu conhecimento para provocar mudan\u00e7as no ambiente em que est\u00e1 inserido, \u00e9 capaz de absorver e desenvolver novos processos e tecnologias, al\u00e9m de planejar, operar e controlar processos de produ\u00e7\u00e3o.O setor de constru\u00e7\u00e3o naval brasileiro experimenta um movimento de retomada de investimentos. Tal fato decorreu, principalmente, do crescimento das atividades petrol\u00edferas offshore, que acarretou a necessidade de novas embarca\u00e7\u00f5es para esse mercado, e de uma pol\u00edtica promulgada em janeiro de 2022, que institui o Programa de Est\u00edmulo ao Transporte por Cabotagem, apelidado de BR do Mar.Assim, de acordo com o exposto, o tema relacionado a Constru\u00e7\u00e3o Naval e suas Intera\u00e7\u00f5es com o Meio Ambiente se torna essencial para a economia do Estado do Rio de Janeiro. O presente projeto tem como objetivo despertar o interesse pela ci\u00eancia, tecnologia e o meio ambiente, al\u00e9m da divulga\u00e7\u00e3o do setor naval para a comunidade\/sociedade em geral, incluindo os discentes universit\u00e1rios e de n\u00edvel m\u00e9dio. Para isto, o projeto possui em uma primeira etapa a sensibiliza\u00e7\u00e3o dos alunos do curso de Tecnologia em Constru\u00e7\u00e3o Naval, realizada pelos docentes envolvido com o projeto, capacitando-os a oferecer palestras, oficinas te\u00f3rico-pr\u00e1ticas e minicursos em a\u00e7\u00f5es extensionistas onde espera-se despertar a aten\u00e7\u00e3o do p\u00fablico envolvido para a dissemina\u00e7\u00e3o de conhecimentos cient\u00edficos e tecnol\u00f3gicos.<\/p>\t\t\t\t\t\t\t\t<\/div>\n\t\t\t\t<\/div>\n\t\t\t\t\t<\/div>\n\t\t<\/div>\n\t\t\t\t\t<\/div>\n\t\t<\/section>\n\t\t\t\t<section class=\"elementor-section elementor-top-section elementor-element elementor-element-e93d9b9 elementor-section-boxed elementor-section-height-default elementor-section-height-default\" data-id=\"e93d9b9\" data-element_type=\"section\">\n\t\t\t\t\t\t<div class=\"elementor-container elementor-column-gap-default\">\n\t\t\t\t\t<div class=\"elementor-column elementor-col-100 elementor-top-column elementor-element elementor-element-c9e31b4\" data-id=\"c9e31b4\" data-element_type=\"column\">\n\t\t\t<div class=\"elementor-widget-wrap elementor-element-populated\">\n\t\t\t\t\t\t<section class=\"elementor-section elementor-inner-section elementor-element elementor-element-acbecd1 elementor-section-boxed elementor-section-height-default elementor-section-height-default\" data-id=\"acbecd1\" data-element_type=\"section\">\n\t\t\t\t\t\t<div class=\"elementor-container elementor-column-gap-default\">\n\t\t\t\t\t<div class=\"elementor-column elementor-col-50 elementor-inner-column elementor-element elementor-element-c5ba414\" data-id=\"c5ba414\" data-element_type=\"column\">\n\t\t\t<div class=\"elementor-widget-wrap elementor-element-populated\">\n\t\t\t\t\t\t<div class=\"elementor-element elementor-element-083ba2c elementor-widget elementor-widget-image\" data-id=\"083ba2c\" data-element_type=\"widget\" data-widget_type=\"image.default\">\n\t\t\t\t<div class=\"elementor-widget-container\">\n\t\t\t\t\t\t\t\t\t\t\t\t\t\t\t<img decoding=\"async\" width=\"150\" height=\"150\" src=\"https:\/\/uerjnaval.com\/wp-content\/uploads\/2023\/04\/yutube2-150x150.jpg\" class=\"attachment-thumbnail size-thumbnail wp-image-1234\" alt=\"\" srcset=\"https:\/\/uerjnaval.com\/wp-content\/uploads\/2023\/04\/yutube2-150x150.jpg 150w, https:\/\/uerjnaval.com\/wp-content\/uploads\/2023\/04\/yutube2-300x298.jpg 300w, https:\/\/uerjnaval.com\/wp-content\/uploads\/2023\/04\/yutube2-768x763.jpg 768w, https:\/\/uerjnaval.com\/wp-content\/uploads\/2023\/04\/yutube2-600x600.jpg 600w, https:\/\/uerjnaval.com\/wp-content\/uploads\/2023\/04\/yutube2.jpg 813w\" sizes=\"(max-width: 150px) 100vw, 150px\" \/>\t\t\t\t\t\t\t\t\t\t\t\t\t\t\t<\/div>\n\t\t\t\t<\/div>\n\t\t\t\t\t<\/div>\n\t\t<\/div>\n\t\t\t\t<div class=\"elementor-column elementor-col-50 elementor-inner-column elementor-element elementor-element-4c96b24\" data-id=\"4c96b24\" data-element_type=\"column\">\n\t\t\t<div class=\"elementor-widget-wrap elementor-element-populated\">\n\t\t\t\t\t\t<div class=\"elementor-element elementor-element-3e3568f elementor-widget elementor-widget-image\" data-id=\"3e3568f\" data-element_type=\"widget\" data-widget_type=\"image.default\">\n\t\t\t\t<div class=\"elementor-widget-container\">\n\t\t\t\t\t\t\t\t\t\t\t\t\t\t\t<img decoding=\"async\" width=\"300\" height=\"94\" src=\"https:\/\/uerjnaval.com\/wp-content\/uploads\/2023\/04\/logo_tcn-300x94.jpg\" class=\"attachment-medium size-medium wp-image-1235\" alt=\"\" srcset=\"https:\/\/uerjnaval.com\/wp-content\/uploads\/2023\/04\/logo_tcn-300x94.jpg 300w, https:\/\/uerjnaval.com\/wp-content\/uploads\/2023\/04\/logo_tcn.jpg 600w\" sizes=\"(max-width: 300px) 100vw, 300px\" \/>\t\t\t\t\t\t\t\t\t\t\t\t\t\t\t<\/div>\n\t\t\t\t<\/div>\n\t\t\t\t\t<\/div>\n\t\t<\/div>\n\t\t\t\t\t<\/div>\n\t\t<\/section>\n\t\t\t\t\t<\/div>\n\t\t<\/div>\n\t\t\t\t\t<\/div>\n\t\t<\/section>\n\t\t\t\t<section class=\"elementor-section elementor-top-section elementor-element elementor-element-e202e6c elementor-section-boxed elementor-section-height-default elementor-section-height-default\" data-id=\"e202e6c\" data-element_type=\"section\">\n\t\t\t\t\t\t<div class=\"elementor-container elementor-column-gap-default\">\n\t\t\t\t\t<div class=\"elementor-column elementor-col-100 elementor-top-column elementor-element elementor-element-35012f8\" data-id=\"35012f8\" data-element_type=\"column\">\n\t\t\t<div class=\"elementor-widget-wrap elementor-element-populated\">\n\t\t\t\t\t\t<section class=\"elementor-section elementor-inner-section elementor-element elementor-element-5329090 elementor-section-boxed elementor-section-height-default elementor-section-height-default\" data-id=\"5329090\" data-element_type=\"section\">\n\t\t\t\t\t\t<div class=\"elementor-container elementor-column-gap-default\">\n\t\t\t\t\t<div class=\"elementor-column elementor-col-100 elementor-inner-column elementor-element elementor-element-46e6313\" data-id=\"46e6313\" data-element_type=\"column\">\n\t\t\t<div class=\"elementor-widget-wrap elementor-element-populated\">\n\t\t\t\t\t\t<div class=\"elementor-element elementor-element-1352e26 elementor-widget elementor-widget-text-editor\" data-id=\"1352e26\" data-element_type=\"widget\" data-widget_type=\"text-editor.default\">\n\t\t\t\t<div class=\"elementor-widget-container\">\n\t\t\t\t\t\t\t\t\t<p>ISBN: 978-85-60724-14-7<\/p>\t\t\t\t\t\t\t\t<\/div>\n\t\t\t\t<\/div>\n\t\t\t\t\t<\/div>\n\t\t<\/div>\n\t\t\t\t\t<\/div>\n\t\t<\/section>\n\t\t\t\t\t<\/div>\n\t\t<\/div>\n\t\t\t\t\t<\/div>\n\t\t<\/section>\n\t\t\t\t<\/div>\n\t\t","protected":false},"excerpt":{"rendered":"<p>Populariza\u00e7\u00e3o e Dissemina\u00e7\u00e3o do Setor Naval: Projetos e Quest\u00f5es Ambientais O Tecn\u00f3logo em Constru\u00e7\u00e3o Naval apresenta aptid\u00e3o para atuar em equipe multidisciplinar no sentido de utilizar seu conhecimento para provocar mudan\u00e7as no ambiente em que est\u00e1 inserido, \u00e9 capaz de absorver e desenvolver novos processos e tecnologias, al\u00e9m de planejar, operar e controlar processos de [&hellip;]<\/p>\n","protected":false},"author":1,"featured_media":0,"parent":0,"menu_order":0,"comment_status":"closed","ping_status":"closed","template":"","meta":{"om_disable_all_campaigns":false,"_monsterinsights_skip_tracking":false,"_monsterinsights_sitenote_active":false,"_monsterinsights_sitenote_note":"","_monsterinsights_sitenote_category":0,"ocean_post_layout":"","ocean_both_sidebars_style":"","ocean_both_sidebars_content_width":0,"ocean_both_sidebars_sidebars_width":0,"ocean_sidebar":"","ocean_second_sidebar":"","ocean_disable_margins":"enable","ocean_add_body_class":"","ocean_shortcode_before_top_bar":"","ocean_shortcode_after_top_bar":"","ocean_shortcode_before_header":"","ocean_shortcode_after_header":"","ocean_has_shortcode":"","ocean_shortcode_after_title":"","ocean_shortcode_before_footer_widgets":"","ocean_shortcode_after_footer_widgets":"","ocean_shortcode_before_footer_bottom":"","ocean_shortcode_after_footer_bottom":"","ocean_display_top_bar":"default","ocean_display_header":"default","ocean_header_style":"","ocean_center_header_left_menu":"","ocean_custom_header_template":"","ocean_custom_logo":0,"ocean_custom_retina_logo":0,"ocean_custom_logo_max_width":0,"ocean_custom_logo_tablet_max_width":0,"ocean_custom_logo_mobile_max_width":0,"ocean_custom_logo_max_height":0,"ocean_custom_logo_tablet_max_height":0,"ocean_custom_logo_mobile_max_height":0,"ocean_header_custom_menu":"","ocean_menu_typo_font_family":"","ocean_menu_typo_font_subset":"","ocean_menu_typo_font_size":0,"ocean_menu_typo_font_size_tablet":0,"ocean_menu_typo_font_size_mobile":0,"ocean_menu_typo_font_size_unit":"px","ocean_menu_typo_font_weight":"","ocean_menu_typo_font_weight_tablet":"","ocean_menu_typo_font_weight_mobile":"","ocean_menu_typo_transform":"","ocean_menu_typo_transform_tablet":"","ocean_menu_typo_transform_mobile":"","ocean_menu_typo_line_height":0,"ocean_menu_typo_line_height_tablet":0,"ocean_menu_typo_line_height_mobile":0,"ocean_menu_typo_line_height_unit":"","ocean_menu_typo_spacing":0,"ocean_menu_typo_spacing_tablet":0,"ocean_menu_typo_spacing_mobile":0,"ocean_menu_typo_spacing_unit":"","ocean_menu_link_color":"","ocean_menu_link_color_hover":"","ocean_menu_link_color_active":"","ocean_menu_link_background":"","ocean_menu_link_hover_background":"","ocean_menu_link_active_background":"","ocean_menu_social_links_bg":"","ocean_menu_social_hover_links_bg":"","ocean_menu_social_links_color":"","ocean_menu_social_hover_links_color":"","ocean_disable_title":"default","ocean_disable_heading":"default","ocean_post_title":"","ocean_post_subheading":"","ocean_post_title_style":"","ocean_post_title_background_color":"","ocean_post_title_background":0,"ocean_post_title_bg_image_position":"","ocean_post_title_bg_image_attachment":"","ocean_post_title_bg_image_repeat":"","ocean_post_title_bg_image_size":"","ocean_post_title_height":0,"ocean_post_title_bg_overlay":0.5,"ocean_post_title_bg_overlay_color":"","ocean_disable_breadcrumbs":"default","ocean_breadcrumbs_color":"","ocean_breadcrumbs_separator_color":"","ocean_breadcrumbs_links_color":"","ocean_breadcrumbs_links_hover_color":"","ocean_display_footer_widgets":"default","ocean_display_footer_bottom":"default","ocean_custom_footer_template":"","footnotes":""},"class_list":["post-1126","page","type-page","status-publish","hentry","entry"],"aioseo_notices":[],"_links":{"self":[{"href":"https:\/\/uerjnaval.com\/index.php\/wp-json\/wp\/v2\/pages\/1126","targetHints":{"allow":["GET"]}}],"collection":[{"href":"https:\/\/uerjnaval.com\/index.php\/wp-json\/wp\/v2\/pages"}],"about":[{"href":"https:\/\/uerjnaval.com\/index.php\/wp-json\/wp\/v2\/types\/page"}],"author":[{"embeddable":true,"href":"https:\/\/uerjnaval.com\/index.php\/wp-json\/wp\/v2\/users\/1"}],"replies":[{"embeddable":true,"href":"https:\/\/uerjnaval.com\/index.php\/wp-json\/wp\/v2\/comments?post=1126"}],"version-history":[{"count":22,"href":"https:\/\/uerjnaval.com\/index.php\/wp-json\/wp\/v2\/pages\/1126\/revisions"}],"predecessor-version":[{"id":1337,"href":"https:\/\/uerjnaval.com\/index.php\/wp-json\/wp\/v2\/pages\/1126\/revisions\/1337"}],"wp:attachment":[{"href":"https:\/\/uerjnaval.com\/index.php\/wp-json\/wp\/v2\/media?parent=1126"}],"curies":[{"name":"wp","href":"https:\/\/api.w.org\/{rel}","templated":true}]}}